{"id":85,"date":"2025-05-21T20:47:58","date_gmt":"2025-05-21T18:47:58","guid":{"rendered":"https:\/\/tytcap-inclusion.fr\/?page_id=85"},"modified":"2025-06-01T19:27:06","modified_gmt":"2025-06-01T17:27:06","slug":"tfe","status":"publish","type":"page","link":"https:\/\/tytcap-inclusion.fr\/index.php\/tfe\/","title":{"rendered":"M\u00e9moire"},"content":{"rendered":"\n<p class=\"has-small-font-size\">Plong\u00e9 au c\u0153ur du quotidien des adolescents en difficult\u00e9, plac\u00e9s en MECS : entre souffrances invisibles, r\u00e9silience et accompagnement \u00e9ducatif. Ce m\u00e9moire met en lumi\u00e8re les enjeux humains, institutionnels et \u00e9ducatifs li\u00e9s \u00e0 la prise en charge de ces jeunes souvent oubli\u00e9s.\u00a0\u00bb<\/p>\n\n\n\n<p class=\"has-small-font-size\">\u00ab Il suffit de miser en ordre principal sur du lien authentique, en r\u00e9apprivoisant avec d\u00e9licatesse ces petits renards bless\u00e9s par la vie et devenus parfois rabougris, parfois haineux. (\u2026) Quand ils se donnent de nouveau dans du lien, et que l\u2019adulte est patient, fort et subtil, la partie est gagn\u00e9e, malgr\u00e9 qu\u2019elle soit probablement \u00e9maill\u00e9e de pas mal de coups de griffe et de gueule, de portes claqu\u00e9es et d\u2019allers et retours.<br>A l\u2019int\u00e9rieur du lien, des dialogues profonds, des \u00ab rencontres de parole \u00bb gagnent \u00e0 avoir lieu pour que le jeune ait l\u2019occasion de se dire, d\u2019\u00eatre re\u00e7u quand il se dit, et de mieux identifier qui il est. \u00bb<br>Jean-Yves Hayez<\/p>\n\n\n\n<p><\/p>\n\n\n\n<div data-wp-interactive=\"core\/file\" class=\"wp-block-file\"><object data-wp-bind--hidden=\"!state.hasPdfPreview\" hidden class=\"wp-block-file__embed\" data=\"https:\/\/tytcap-inclusion.fr\/wp-content\/uploads\/2025\/06\/memoire_laurent_3-1.pdf\" type=\"application\/pdf\" style=\"width:100%;height:600px\" aria-label=\"Contenu embarqu\u00e9 memoire_laurent_3.\"><\/object><a id=\"wp-block-file--media-ea0e52be-c79c-4f04-9180-d06ada313b68\" href=\"https:\/\/tytcap-inclusion.fr\/wp-content\/uploads\/2025\/06\/memoire_laurent_3-1.pdf\">memoire_laurent_3<\/a><a href=\"https:\/\/tytcap-inclusion.fr\/wp-content\/uploads\/2025\/06\/memoire_laurent_3-1.pdf\" class=\"wp-block-file__button wp-element-button\" download aria-describedby=\"wp-block-file--media-ea0e52be-c79c-4f04-9180-d06ada313b68\">T\u00e9l\u00e9charger<\/a><\/div>\n","protected":false},"excerpt":{"rendered":"<p>Plong\u00e9 au c\u0153ur du quotidien des adolescents en difficult\u00e9, plac\u00e9s en MECS : entre souffrances invisibles, r\u00e9silience et accompagnement \u00e9ducatif. Ce m\u00e9moire met en lumi\u00e8re les enjeux humains, institutionnels et \u00e9ducatifs li\u00e9s \u00e0 la prise en charge de ces jeunes souvent oubli\u00e9s.\u00a0\u00bb \u00ab Il suffit de miser en ordre principal sur du lien authentique, en &hellip; <\/p>\n<p class=\"link-more\"><a href=\"https:\/\/tytcap-inclusion.fr\/index.php\/tfe\/\" class=\"more-link\">Continuer la lecture<span class=\"screen-reader-text\"> de &laquo;&nbsp;M\u00e9moire&nbsp;&raquo;<\/span><\/a><\/p>\n","protected":false},"author":1,"featured_media":0,"parent":0,"menu_order":0,"comment_status":"closed","ping_status":"closed","template":"","meta":{"_monsterinsights_skip_tracking":false,"_monsterinsights_sitenote_active":false,"_monsterinsights_sitenote_note":"","_monsterinsights_sitenote_category":0,"footnotes":""},"class_list":["post-85","page","type-page","status-publish","hentry"],"_links":{"self":[{"href":"https:\/\/tytcap-inclusion.fr\/index.php\/wp-json\/wp\/v2\/pages\/85","targetHints":{"allow":["GET"]}}],"collection":[{"href":"https:\/\/tytcap-inclusion.fr\/index.php\/wp-json\/wp\/v2\/pages"}],"about":[{"href":"https:\/\/tytcap-inclusion.fr\/index.php\/wp-json\/wp\/v2\/types\/page"}],"author":[{"embeddable":true,"href":"https:\/\/tytcap-inclusion.fr\/index.php\/wp-json\/wp\/v2\/users\/1"}],"replies":[{"embeddable":true,"href":"https:\/\/tytcap-inclusion.fr\/index.php\/wp-json\/wp\/v2\/comments?post=85"}],"version-history":[{"count":7,"href":"https:\/\/tytcap-inclusion.fr\/index.php\/wp-json\/wp\/v2\/pages\/85\/revisions"}],"predecessor-version":[{"id":161,"href":"https:\/\/tytcap-inclusion.fr\/index.php\/wp-json\/wp\/v2\/pages\/85\/revisions\/161"}],"wp:attachment":[{"href":"https:\/\/tytcap-inclusion.fr\/index.php\/wp-json\/wp\/v2\/media?parent=85"}],"curies":[{"name":"wp","href":"https:\/\/api.w.org\/{rel}","templated":true}]}}